7
What is the highest common factor of 16 and 164?
4
What is the greatest common factor of 292 and 365?
73
Calculate the greatest common divisor of 265 and 5.
5
Calculate the highest common divisor of 228 and 2356.
76
Calculate the greatest common divisor of 30 and 345.
15
Calculate the highest common divisor of 1812 and 36.
12
Calculate the greatest common divisor of 147 and 231.
21
What is the greatest common factor of 167 and 8?
1
Calculate the greatest common divisor of 118 and 2.
2
What is the highest common divisor of 39 and 975?
39
What is the greatest common factor of 177 and 3?
3
Calculate the highest common factor of 84 and 96.
12
What is the highest common factor of 73 and 949?
73
Calculate the highest common divisor of 214 and 18.
2
Calculate the greatest common divisor of 189 and 399.
21
What is the highest common factor of 2079 and 77?
77
Calculate the greatest common factor of 7719 and 93.
93
Calculate the greatest common factor of 906 and 6.
6
Calculate the greatest common factor of 22 and 2816.
22
Calculate the highest common divisor of 2507 and 436.
109
What is the greatest common factor of 11830 and 28?
14
What is the greatest common divisor of 42 and 18?
6
What is the greatest common factor of 141 and 188?
47
What is the greatest common factor of 180 and 9495?
45
Calculate the greatest common divisor of 22116 and 456.
228
What is the greatest common divisor of 100 and 236?
4
Calculate the greatest common factor of 201 and 67.
67
Calculate the greatest common divisor of 77 and 29414.
77
Calculate the greatest common factor of 20070 and 120.
30
What is the greatest common divisor of 77 and 30954?
77
What is the highest common factor of 68 and 476?
68
Calculate the highest common factor of 1647 and 1525.
61
Calculate the highest common divisor of 765 and 31620.
255
Calculate the greatest common divisor of 14 and 17318.
14
What is the highest common divisor of 9724 and 104?
52
What is the greatest common divisor of 731 and 119?
17
Calculate the highest common factor of 4161 and 57.
57
What is the highest common divisor of 255 and 119?
17
Calculate the greatest common factor of 1175 and 376.
47
What is the highest common divisor of 13064 and 368?
184
Calculate the greatest common divisor of 1369 and 74.
37
What is the greatest common divisor of 8 and 23?
1
Calculate the highest common divisor of 32769 and 662.
331
Calculate the highest common factor of 153 and 204.
51
What is the greatest common factor of 80 and 272?
16
What is the highest common factor of 57 and 3629?
19
What is the greatest common factor of 78 and 507?
39
Calculate the highest common divisor of 1764 and 828.
36
Calculate the greatest common divisor of 100 and 15.
5
What is the greatest common divisor of 137 and 685?
137
Calculate the greatest common factor of 16912 and 48.
16
Calculate the highest common factor of 4 and 764.
4
What is the greatest common divisor of 210 and 3234?
42
What is the greatest common factor of 35 and 3?
1
Calculate the greatest common divisor of 18 and 1494.
18
What is the highest common factor of 2 and 12722?
2
What is the highest common divisor of 663 and 117?
39
What is the greatest common divisor of 14 and 133?
7
Calculate the greatest common divisor of 781 and 2982.
71
Calculate the greatest common factor of 14 and 378.
14
What is the highest common factor of 425 and 900?
25
Calculate the highest common factor of 344 and 43.
43
What is the highest common divisor of 24 and 669?
3
What is the greatest common factor of 63 and 27?
9
What is the highest common factor of 539 and 616?
77
Calculate the greatest common factor of 65632 and 32.
32
What is the greatest common factor of 1245 and 165?
15
What is the greatest common factor of 224 and 14?
14
What is the highest common divisor of 996 and 120?
12
Calculate the highest common divisor of 18759 and 273.
39
What is the highest common divisor of 176 and 384?
16
What is the greatest common factor of 306 and 544?
34
What is the greatest common factor of 78 and 36?
6
What is the highest common factor of 952 and 2408?
56
Calculate the greatest common factor of 598 and 520.
26
Calculate the greatest common factor of 170 and 40.
10
What is the highest common divisor of 20 and 96?
4
What is the highest common divisor of 4 and 10248?
4
Calculate the highest common divisor of 19838 and 91.
91
Calculate the greatest common divisor of 43344 and 258.
258
What is the greatest common divisor of 146 and 7227?
73
Calculate the highest common factor of 244 and 4.
4
What is the highest common divisor of 6 and 114?
6
Calculate the greatest common divisor of 91 and 65.
13
What is the greatest common factor of 5 and 5?
5
Calculate the highest common divisor of 1160 and 120.
40
Calculate the highest common factor of 388 and 97.
97
What is the greatest common factor of 1240 and 1280?
40
Calculate the greatest common factor of 11 and 41690.
11
What is the greatest common factor of 472 and 59?
59
Calculate the highest common factor of 213 and 3053.
71
Calculate the greatest common factor of 243 and 810.
81
What is the highest common divisor of 88 and 21340?
44
Calculate the highest common factor of 113 and 4181.
113
Calculate the highest common factor of 76 and 3724.
76
What is the highest common factor of 900 and 54?
18
What is the greatest common factor of 91 and 91?
91
What is the greatest common divisor of 85 and 1?
1
Calculate the highest common factor of 84 and 182.
14
Calculate the highest common divisor of 18 and 3789.
9
What is the greatest common factor of 6 and 15?
3
Calculate the highest common divisor of 3108 and 333.
111
What is the greatest common divisor of 79 and 15247?
79
Calculate the greatest common factor of 18 and 30.
6
What is the greatest common factor of 5084 and 248?
124
Calculate the greatest common factor of 756 and 9.
9
Calculate the greatest common divisor of 665 and 315.
35
What is the greatest common factor of 22 and 1562?
22
What is the highest common divisor of 544 and 85?
17
Calculate the greatest common factor of 420 and 2880.
60
Calculate the highest common divisor of 17 and 5134.
17
What is the greatest common divisor of 45 and 153?
9
Calculate the greatest common divisor of 23 and 184.
23
What is the greatest common factor of 82 and 5330?
82
What is the highest common factor of 5909 and 38?
19
Calculate the highest common divisor of 95 and 3287.
19
What is the highest common factor of 32 and 16992?
32
What is the highest common factor of 70 and 70?
70
Calculate the greatest common factor of 172 and 5934.
86
What is the highest common divisor of 72 and 306?
18
Calculate the highest common factor of 9265 and 17.
17
What is the highest common divisor of 172 and 2322?
86
Calculate the highest common factor of 1161 and 27.
27
Calculate the highest common factor of 130 and 280.
10
What is the greatest common factor of 507 and 936?
39
Calculate the highest common factor of 6 and 1182.
6
Calculate the highest common divisor of 135 and 180.
45
Calculate the greatest common divisor of 344 and 40.
8
What is the highest common divisor of 242 and 77?
11
What is the highest common factor of 106 and 265?
53
Calculate the highest common factor of 8 and 16888.
8
What is the greatest common factor of 22 and 8019?
11
Calculate the greatest common divisor of 130 and 30.
10
What is the greatest common divisor of 57 and 152?
19
What is the greatest common factor of 195 and 30?
15
Calculate the greatest common factor of 418 and 286.
22
Calculate the greatest common factor of 663 and 51.
51
What is the highest common factor of 473 and 11?
11
What is the greatest common factor of 30 and 45?
15
What is the greatest common factor of 1045 and 2565?
95
Calculate the greatest common divisor of 767 and 944.
59
Calculate the greatest common factor of 57 and 304.
19
What is the greatest common factor of 255 and 969?
51
What is the greatest common divisor of 3317 and 428?
107
Calculate the highest common divisor of 4587 and 33.
33
Calculate the highest common factor of 50 and 1025.
25
Calculate the greatest common divisor of 44 and 88.
44
Calculate the greatest common factor of 800 and 120.
40
Calculate the greatest common divisor of 2364 and 36.
12
What is the greatest common factor of 184 and 49864